{"id":39,"date":"2018-03-22T13:43:50","date_gmt":"2018-03-22T12:43:50","guid":{"rendered":"http:\/\/www.urel.feec.vutbr.cz\/optabro_n\/?page_id=39"},"modified":"2020-01-30T14:10:09","modified_gmt":"2020-01-30T13:10:09","slug":"science-and-research","status":"publish","type":"page","link":"https:\/\/www.radio.feec.vutbr.cz\/optabro\/science-and-research\/","title":{"rendered":"Science and Research"},"content":{"rendered":"<p>\n<b>Research areas<\/b><br \/>\nThe research work is divided into theoretical and experimental part. In theoretical part, the research work is focused on modelling of the turbulent atmosphere affecting optical beams. Classifying the atmospheric phenomena with regard to transmission demands and service type utilizing the link are investigated. The complex model of the optical wireless link which represents synthesis of both steady and statistical model was developed.<br \/>\nIn experimental part, the research work is focused on searching and finding methods deteriorating effect of the atmospheric turbulence on the required quality of communication. The experimental<br \/>\nresearch also includes finding the optimal optical sources for the optical wireless communications and investigation of the optimal optical beam shape mitigating the<br \/>\natmospheric turbulence effect on transmission reliability.<br \/>\nSystem aspects of the optical wireless link transceiver and corresponding elements are also investigated. The concept of all-photonic transceiver using only optical fiber and passive optical fiber elements is studied. Transmission and physical limits for the optical wireless communication are specified.\n<\/p>\n<p>\n<b>Projects<\/b><\/p>\n<ul>\n<li class=\"modra\"><b>2019<\/b>\n<p>VI20192022173, Robustn\u00ed syst\u00e9m optick\u00e9 bezvl\u00e1knov\u00e9 komunikace, zah\u00e1jen\u00ed: 01.07.2019, ukon\u010den\u00ed: 31.12.2022<\/p>\n<\/li>\n<\/ul>\n<ul>\n<li class=\"modra\"><b>2017<\/b>\n<p>N\u00e1vrhy nov\u00fdch funk\u010dn\u00edch blok\u016f a algoritm\u016f pro modern\u00ed komunika\u010dn\u00ed syst\u00e9my, zah\u00e1jen\u00ed: 01.01.2017, ukon\u010den\u00ed: 31.12.2019<\/p>\n<\/li>\n<\/ul>\n<ul>\n<li class=\"modra\"><b>2014<\/b>\n<p>Perspektivn\u00ed obvodov\u00e1 \u0159e\u0161en\u00ed a algoritmy pro komunika\u010dn\u00ed syst\u00e9my, zah\u00e1jen\u00ed: 01.01.2014, ukon\u010den\u00ed: 31.12.2016<\/p>\n<\/li>\n<\/ul>\n<ul>\n<li class=\"modra\"><b>2012<\/b>\n<p><b>FR-TI4\/148<\/b>, Hybrid Wireless Technology for Municipal Networks (MUNET). Project of Ministry of Industry and Trade. start: 01.06.2012, termination: 31.05.2015. Project leader: prof. Dr. Ing. Zden\u011bk Kolka.<\/p>\n<p><b>LD12067<\/b>, Optical atmospheric propagation modeling (OPTAPRO) in frame of the COST IC1101. start: 01.04.2012, termination: 30.06.2015. Project leader: prof. Ing. Otakar Wilfert, CSc. <\/p>\n<p><b>TA02030845<\/b>, Inteligent infrastructure for modern city, start: 01.01.2012, termination: 31.12.2014. Project leader: prof. Dr. Ing. Zden\u011bk Kolka.<\/p>\n<\/li>\n<\/ul>\n<ul>\n<li class=\"modra\"><b>2011<\/b>\n<p>Innovative approaches to design of communication systems, start: 01.01.2011, termination: 31.12.2014.<\/p>\n<p><b>GAP102\/11\/1376<\/b>, Effect of Propagation Impairments on Error Performance of Future Broadband Terrestrial Wireless Systems. Project of Czech science foundation. start: 01.01.2011, termination: 31.12.2013. Project leader: prof. Dr. Ing. Zden\u011bk Kolka.<\/p>\n<p><b>OPTICWISE<\/b> (Optical Wireless Communications \u2013 An Emerging Technology). European project COST IC1101. start: 01. 11. 2011,<br \/>\ntermination: 30. 11. 2015.<\/p>\n<\/li>\n<\/ul>\n<ul>\n<li class=\"modra\"><b>2010<\/b>\n<p><b>FR-TI2\/705<\/b>, Non-contact optical measuring methods and systems for precision engineering, start: 01.01.2010, termination: 30.09.2014. Project leader: prof. Ing. Otakar Wilfert, CSc. <\/p>\n<p>Innovation of laboratory tutorial of Quantum and Laser Electronics , start: 01.01.2010, termination: 31.12.2010.<\/p>\n<p>Research of robust hardware solutions for wireless communication systems, start: 01.01.2010, termination: 31.12.2010.<\/p>\n<\/li>\n<\/ul>\n<ul>\n<li class=\"modra\"><b>2009<\/b>\n<p><b>GA102\/09\/0550<\/b>,  Optical beams study for atmospheric static and mobile communications. Project of Czech science foundation. start: 01.01.2009, termination: 31.12.2011. Project leader: prof. Ing. Otakar Wilfert, CSc.<\/p>\n<p>Innovation of laboratory tutorial of bachelor subject Optoelectronics, start: 01.01.2009, termination: 31.12.2009.<\/p>\n<\/li>\n<\/ul>\n<ul>\n<li class=\"modra\"><b>Complete list of projects<\/b><br \/>\n <a href=\"http:\/\/www.vutbr.cz\/en\/people\/otakar-wilfert-773\/projekty\"><strong>Otakar Wilfert<\/strong><\/a><br \/>\n <a href=\"http:\/\/www.vutbr.cz\/en\/people\/lucie-hudcova-21460\/projekty\"><strong>Lucie Hudcova (Dordova)<\/strong><\/a> <br \/>\n<a href=\"http:\/\/www.vutbr.cz\/en\/people\/peter-barcik-106362\/projekty\"><strong>Peter Barcik<\/strong><\/a><\/p>\n<\/li>\n<\/ul>\n","protected":false},"excerpt":{"rendered":"<p>Research areas The research work is divided into theoretical and experimental part. In theoretical part, the research work is focused on modelling of the turbulent atmosphere affecting optical beams. Classifying the atmospheric phenomena with regard to transmission demands and service type utilizing the link are investigated. The complex model of the optical wireless link which [&hellip;]<\/p>\n","protected":false},"author":1,"featured_media":0,"parent":0,"menu_order":0,"comment_status":"closed","ping_status":"closed","template":"","meta":{"_mi_skip_tracking":false},"_links":{"self":[{"href":"https:\/\/www.radio.feec.vutbr.cz\/optabro\/wp-json\/wp\/v2\/pages\/39"}],"collection":[{"href":"https:\/\/www.radio.feec.vutbr.cz\/optabro\/wp-json\/wp\/v2\/pages"}],"about":[{"href":"https:\/\/www.radio.feec.vutbr.cz\/optabro\/wp-json\/wp\/v2\/types\/page"}],"author":[{"embeddable":true,"href":"https:\/\/www.radio.feec.vutbr.cz\/optabro\/wp-json\/wp\/v2\/users\/1"}],"replies":[{"embeddable":true,"href":"https:\/\/www.radio.feec.vutbr.cz\/optabro\/wp-json\/wp\/v2\/comments?post=39"}],"version-history":[{"count":0,"href":"https:\/\/www.radio.feec.vutbr.cz\/optabro\/wp-json\/wp\/v2\/pages\/39\/revisions"}],"wp:attachment":[{"href":"https:\/\/www.radio.feec.vutbr.cz\/optabro\/wp-json\/wp\/v2\/media?parent=39"}],"curies":[{"name":"wp","href":"https:\/\/api.w.org\/{rel}","templated":true}]}}